 p = 12 - 1. What is the remainder when d is divided by p?
10
Let z be (6 - (6 - 3))/3. Suppose 0 = -5*w - d + 60, 4*d - 8 = w + z. What is the remainder when 42 is divided by w?
9
Suppose 0 = -y + 7 + 9. Let z(w) = 81*w**2 - 1. Let h be z(1). Suppose 4*u - h = 44. Calculate the remainder when u is divided by y.
15
Let p(l) = 4*l + 6. What is the remainder when p(10) is divided by 24?
22
Let c = -5 - -8. What is the remainder when (5*1)/(c/33) is divided by 14?
13
Let f(t) = 6*t**2 - 2*t - 2. Let j = 7 - 5. Let l be f(j). What is the remainder when 45 is divided by l/((9/(-2))/(-3))?
9
Let k be 2/(-4) - (-2)/4. Calculate the remainder when (k - 2/4)*-18 is divided by 3.
0
Let i(c) = -c**3 + 2*c**2 + 5*c + 4. Suppose 4*q = -4*v + 56, 23 = 3*v - 4*q - 47. Calculate the remainder when i(-3) is divided by v.
16
Suppose 33 + 32 = b. Suppose 4*t = 4*l + 56, 4*t - l - b = -6*l. What is the remainder when 55 is divided by t?
10
Let f be 0 + 1*30 + -3. Let z = f + -12. What is the remainder when z is divided by 4?
3
Let q be (-2)/1 + 0 + 2. Suppose 3*d - 3*c - 123 - 36 = q, -d = c - 45. Calculate the remainder when d is divided by (-4)/6 + (-159)/(-9).
15
What is the remainder when 2*(1 - (-16 - 3)) is divided by 14?
12
Suppose 0 = 2*n - 85 - 75. Calculate the remainder when n is divided by 18.
8
Suppose 0 = -0*u - 3*u + 12. What is the remainder when 9 is divided by u?
1
Suppose -n + 1 + 0 = 0. Let b(u) = -6*u + n - 8*u - 2. Calculate the remainder when 24 is divided by b(-1).
11
Let l(c) = -8*c + 76. What is the remainder when 58 is divided by l(7)?
18
Let q = -116 - -219. What is the remainder when q is divided by 35?
33
Suppose -2*l + 112 = -3*c, 0 = -5*l + c + c + 269. Let z(v) = 2*v + 3. Let i be z(-2). What is the remainder when l is divided by 18/(i*(0 + -1))?
17
Let y(g) = 3*g - 1. Let f(w) = w + 14. Let u be f(-10). What is the remainder when y(u) is divided by 3?
2
Let w = 4 + -2. Suppose -w*s - s = -6. Suppose 0 = -2*a - 2*q + 4, 2*q = -s*a + 3*a - 8. Calculate the remainder when a is divided by 3.
1
Let y be 29/(-3) + 10/15. Let h = 19 + y. What is the remainder when h is divided by -2*(2 - 4)*1?
2
Suppose 441 + 55 = 4*v. What is the remainder when v is divided by 18?
16
Suppose p = -0*p + 21. Suppose -3*u - f - 38 = -4*u, -f - 158 = -4*u. Calculate the remainder when u is divided by p.
19
Suppose -38 - 47 = b. Let f = -57 - b. Let j = f - -6. What is the remainder when j is divided by 9?
7
Suppose 0*a - 2*a = 0. Suppose a = -2*y + 17 + 5. Calculate the remainder when (-122)/(-4) - (-2)/4 is divided by y.
9
Let c(t) = -t**2 + 11*t - 14. What is the remainder when -1 + 1 + 40 + -1 is divided by c(4)?
11
Suppose 4*i + 5 = -19. Let r = 3 + i. Let f(p) = -3*p - 1. What is the remainder when 15 is divided by f(r)?
7
Suppose -5*l + 3*l - 3*x + 38 = 0, 3*x = -3*l + 63. What is the remainder when l is divided by 1/3 - (-38)/3?
12
Let z(h) be the second derivative of h**3/6 + 9*h**2/2 + 4*h. What is the remainder when 5 is divided by z(-7)?
1
Let i(c) = 10 + c**2 - 4*c**2 - 9 + c**3 - 6*c. Let x be i(5). Suppose -v = -2 - x. What is the remainder when v is divided by 8?
7
Let o(r) = r**2 - 2*r - 7. Let h = -2 + 7. What is the remainder when 22 is divided by o(h)?
6
Let j be (-32)/12 + (-6)/(-9). Calculate the remainder when -129*(-2)/6 - j is divided by 12.
9
Let q(g) = g**2 + g + 9. Calculate the remainder when q(-9) is divided by 21.
18
Suppose -3*y + 63 = 3. Calculate the remainder when y is divided by 9.
2
Let v(m) = -16*m - 4. Let c(d) = -3*d**3 - d + 1. Let t be c(1). Let g be v(t). Suppose g = 5*i + 14. What is the remainder when 10 is divided by i?
4
What is the remainder when 18 is divided by (12/15)/(6/60)?
2
Suppose -v - 4*v = 20. Let f = -2 - v. Calculate the remainder when 4 is divided by f.
0
Calculate the remainder when 57 is divided by (2 + -32)*(-2)/5.
9
Let a(r) = -r**2 - 3*r + 5. Let n be a(-4). Let x(w) = -w + 0*w**2 + 0*w**2 + 5*w**2 + 2*w**2. What is the remainder when 17 is divided by x(n)?
5
Let u = 19 - -25. Let r(q) = 2*q**2 + q. What is the remainder when u is divided by r(-3)?
14
Let j(l) = l**2 - 15*l + 18. Suppose 5*q - 61 = 2*n, 18 = 3*q - q - 4*n. What is the remainder when q is divided by j(14)?
1
Let n(a) = -a**2 + 8*a - 8. Let v be 12/(-14)*42/(-6). Calculate the remainder when 14 is divided by n(v).
2
Let k = 29 + -16. Calculate the remainder when 46 is divided by k.
7
Let h = 38 - 31. Let f(j) = -j + 4. Calculate the remainder when f(-7) is divided by h.
4
Let x = -13 - -61. Calculate the remainder when x is divided by 19.
10
Suppose 0 = 2*k + 5*v - 53, -3*v - v - 91 = -3*k. Calculate the remainder when k is divided by 8.
5
Suppose 3*w + 3*b = 123, 7 = w - 5*b - 28. What is the remainder when w is divided by ((-112)/(-12))/(-3 + (-22)/(-6))?
12
Let w = -8 + 10. Let b be -2 - 33 - w - -3. Let t = 56 + b. What is the remainder when 64 is divided by t?
20
Suppose 20 = 5*t, -2*l + 3*t - 7 = -7*l. What is the remainder when 30 is divided by (l - -3)*22/4?
8
Let s = -13 - -50. Let j = s + 12. Calculate the remainder when j is divided by 13.
10
Let q(o) = 5*o - 4. What is the remainder when 30 is divided by q(4)?
14
Let g(i) = i + 7. Let s be g(-7). Suppose -5*k + 65 = -s*k. Calculate the remainder when 4/(-14) + (-690)/(-14) is divided by k.
10
Suppose 73 = 4*r - 59. Calculate the remainder when r is divided by 12.
9
Calculate the remainder when 25 + 2 + 0/(-2) is divided by 15.
12
Suppose 1 = h - 2*s, -1 = -h + 4*s + 2. Calculate the remainder when (h - -15)/((-1)/(-5)) is divided by 24.
22
Suppose -5*p = -0*p - 10. Let q be p - (2 - (23 + -1)). Suppose -2*u + u + q = 0. What is the remainder when u is divided by 12?
10
Let w(b) = -2*b**3 + 4*b. Calculate the remainder when w(-3) is divided by (-2)/(-3)*(-135)/(-6).
12
Let u = 61 + 5. Suppose 3*s - 2*f + 3*f - u = 0, 36 = 2*s - 2*f. Suppose s = 2*j + 3*j + g, 3*j = -2*g + 14. What is the remainder when 11 is divided by j?
3
Let o = 6 + 30. What is the remainder when o is divided by 13?
10
Suppose z + 2*i - 20 = -0, 5*z - 144 = i. Calculate the remainder when z is divided by 10.
8
Let u(y) = y**3 + y**2 - y + 34. Calculate the remainder when u(0) is divided by (-60)/12 - (-16 + 3 + -1).
7
Let z(f) = f - 6. Let i be z(6). Let u(y) = -y + 14. Calculate the remainder when 53 is divided by u(i).
11
Let b(r) = -r**3 - 4*r**2 + 9*r + 1. What is the remainder when b(-7) is divided by 22?
19
Suppose -4*q = 3*v - 37, -2*v = 5*q - 0*v - 41. What is the remainder when q is divided by 1*6 + 1 - 2?
2
Suppose 3*m - 1 = 4*m, m + 4 = n. Suppose 0 = 2*o - n - 33. What is the remainder when 34 is divided by o?
16
Let q = 1 - 5. Let r be (0 + -2)/q*12. Let w = -4 + r. What is the remainder when w is divided by 1?
0
Let q be (10/15)/(2/21). Suppose -8 = 6*t - q*t. Calculate the remainder when 21 is divided by t.
5
Let g(x) = -19*x - 3. Let q(f) = f**3 - 4*f**2 + 3*f - 1. Let a be q(2). What is the remainder when g(a) is divided by 14?
12
Calculate the remainder when 41 is divided by -5 + 1420/55 - (-2)/11.
20
Suppose -4*u + 32 = 4*r, 5*u - 4*r + 2*r - 40 = 0. Let x = u + -3. What is the remainder when 8 is divided by x?
3
Suppose 0 = 4*f, -2*c - 43 + 417 = 5*f. Suppose -5*p - 77 = -2*k - 2*p, 5*p = -4*k + c. Calculate the remainder when k is divided by 15.
13
Let f = 0 - -9. Let p(r) = 2*r + 1. Let w be p(-3). Let q = 30 + w. What is the remainder when q is divided by f?
7
Let p be -16 - (0 - (2 - 0)). What is the remainder when 2/7 - 514/p is divided by 13?
11
Let k = 31 + -8. Let o = 8 + 0. What is the remainder when k is divided by o?
7
What is the remainder when 187 is divided by 0 + 4/(-14) + 1340/35?
35
Let c = 31 + 18. Let p = -30 - -47. Calculate the remainder when c is divided by p.
15
Suppose 3*k - 4*k - 8 = 0. Calculate the remainder when 2 is divided by 4/k*(2 + -4).
0
Let f = 0 - -3. Let w(l) = l**2 - 28*l - 90. Calculate the remainder when w(31) is divided by f.
0
Let s(l) = -3*l - 6. Suppose -1 = -2*d - 5. What is the remainder when (-2 - (-25)/d)*-2 is divided by s(-7)?
14
Let s(o) = o**2 - 3*o - 9. Let m be s(7). Let t = m - 10. What is the remainder when ((-45)/(-6))/(3/10) is divided by t?
7
Suppose 0 = -r - r + 6. Suppose -3*b + 176 = b + 2*f, -r*f - 37 = -b. Sup